{"id":1128,"date":"2024-12-06T17:24:16","date_gmt":"2024-12-06T16:24:16","guid":{"rendered":"https:\/\/comitevas-y.org\/?page_id=1128"},"modified":"2025-07-25T13:47:46","modified_gmt":"2025-07-25T12:47:46","slug":"concours-bd-supervoisins","status":"publish","type":"page","link":"https:\/\/comitevas-y.org\/?page_id=1128","title":{"rendered":"Concours BD"},"content":{"rendered":"<p>&nbsp;<\/p>\n<p>&nbsp;<\/p>\n<h3><strong><img loading=\"lazy\" class=\"alignright wp-image-1174\" src=\"https:\/\/i1.wp.com\/comitevas-y.org\/wp-content\/uploads\/2025\/01\/logo-supervoisins.png?resize=191%2C202&#038;ssl=1\" alt=\"\" width=\"191\" height=\"202\" srcset=\"https:\/\/i1.wp.com\/comitevas-y.org\/wp-content\/uploads\/2025\/01\/logo-supervoisins.png?w=577&amp;ssl=1 577w, https:\/\/i1.wp.com\/comitevas-y.org\/wp-content\/uploads\/2025\/01\/logo-supervoisins.png?resize=283%2C300&amp;ssl=1 283w\" sizes=\"(max-width: 191px) 100vw, 191px\" data-recalc-dims=\"1\" \/><\/strong><\/h3>\n<p><strong>\u00a0<\/strong><\/p>\n<h3><strong>LES SUPERVOISINS PR\u00c9SENTENT<\/strong><\/h3>\n<h3><strong>LA BD GAGNANTE<\/strong><\/h3>\n<p><img loading=\"lazy\" class=\"alignright size-full wp-image-1228\" src=\"https:\/\/i0.wp.com\/comitevas-y.org\/wp-content\/uploads\/2025\/03\/BD_GAGNANTE.png?resize=750%2C575&#038;ssl=1\" alt=\"\" width=\"750\" height=\"575\" srcset=\"https:\/\/i0.wp.com\/comitevas-y.org\/wp-content\/uploads\/2025\/03\/BD_GAGNANTE.png?w=1016&amp;ssl=1 1016w, https:\/\/i0.wp.com\/comitevas-y.org\/wp-content\/uploads\/2025\/03\/BD_GAGNANTE.png?resize=300%2C230&amp;ssl=1 300w, https:\/\/i0.wp.com\/comitevas-y.org\/wp-content\/uploads\/2025\/03\/BD_GAGNANTE.png?resize=768%2C589&amp;ssl=1 768w\" sizes=\"(max-width: 750px) 100vw, 750px\" data-recalc-dims=\"1\" \/><\/p>\n<h5><\/h5>\n<p>&nbsp;<\/p>\n<p>&nbsp;<\/p>\n<p>&nbsp;<\/p>\n<h3>\u00a0Une bande dessin\u00e9e r\u00e9alis\u00e9e par<\/h3>\n<h2><strong>ELIO MARCAURELLE &amp; \u00c9LO\u00cfSE DESCARREAUX<\/strong><\/h2>\n<p>&nbsp;<\/p>\n<h3>\u00c9COLE SECONDAIRE DE DONNACONA<\/h3>\n<p>&nbsp;<\/p>\n<p>&nbsp;<\/p>\n<p>&nbsp;<\/p>\n<h2><strong>Visitez le site des SuperVoisins<\/strong><\/h2>\n<p><img loading=\"lazy\" class=\"alignnone size-medium wp-image-1262\" src=\"https:\/\/i0.wp.com\/comitevas-y.org\/wp-content\/uploads\/2025\/07\/supervoisin_image_site.png?resize=300%2C251&#038;ssl=1\" alt=\"\" width=\"300\" height=\"251\" srcset=\"https:\/\/i0.wp.com\/comitevas-y.org\/wp-content\/uploads\/2025\/07\/supervoisin_image_site.png?resize=300%2C251&amp;ssl=1 300w, https:\/\/i0.wp.com\/comitevas-y.org\/wp-content\/uploads\/2025\/07\/supervoisin_image_site.png?resize=768%2C644&amp;ssl=1 768w, https:\/\/i0.wp.com\/comitevas-y.org\/wp-content\/uploads\/2025\/07\/supervoisin_image_site.png?w=940&amp;ssl=1 940w\" sizes=\"(max-width: 300px) 100vw, 300px\" data-recalc-dims=\"1\" \/><\/p>\n<h3><a href=\"http:\/\/www.supervoisins.com\">www.supervoisins.com<\/a><\/h3>\n<p>&nbsp;<\/p>\n","protected":false},"excerpt":{"rendered":"<p>&nbsp; &nbsp; \u00a0 LES SUPERVOISINS PR\u00c9SENTENT LA BD GAGNANTE &nbsp; &nbsp; &nbsp; \u00a0Une bande dessin\u00e9e r\u00e9alis\u00e9e par ELIO MARCAURELLE &amp; \u00c9LO\u00cfSE DESCARREAUX &nbsp; \u00c9COLE SECONDAIRE DE DONNACONA &nbsp; &nbsp; &nbsp; Visitez le site des SuperVoisins www.supervoisins.com &nbsp;<\/p>\n","protected":false},"author":2,"featured_media":0,"parent":0,"menu_order":0,"comment_status":"closed","ping_status":"closed","template":"","meta":{"spay_email":""},"jetpack_sharing_enabled":true,"jetpack_shortlink":"https:\/\/wp.me\/P8etWi-ic","_links":{"self":[{"href":"https:\/\/comitevas-y.org\/index.php?rest_route=\/wp\/v2\/pages\/1128"}],"collection":[{"href":"https:\/\/comitevas-y.org\/index.php?rest_route=\/wp\/v2\/pages"}],"about":[{"href":"https:\/\/comitevas-y.org\/index.php?rest_route=\/wp\/v2\/types\/page"}],"author":[{"embeddable":true,"href":"https:\/\/comitevas-y.org\/index.php?rest_route=\/wp\/v2\/users\/2"}],"replies":[{"embeddable":true,"href":"https:\/\/comitevas-y.org\/index.php?rest_route=%2Fwp%2Fv2%2Fcomments&post=1128"}],"version-history":[{"count":23,"href":"https:\/\/comitevas-y.org\/index.php?rest_route=\/wp\/v2\/pages\/1128\/revisions"}],"predecessor-version":[{"id":1263,"href":"https:\/\/comitevas-y.org\/index.php?rest_route=\/wp\/v2\/pages\/1128\/revisions\/1263"}],"wp:attachment":[{"href":"https:\/\/comitevas-y.org\/index.php?rest_route=%2Fwp%2Fv2%2Fmedia&parent=1128"}],"curies":[{"name":"wp","href":"https:\/\/api.w.org\/{rel}","templated":true}]}}

<p>&nbsp;</p>
<p>&nbsp;</p>
<h3><strong><img loading="lazy" class="alignright wp-image-1174" src="https://i1.wp.com/comitevas-y.org/wp-content/uploads/2025/01/logo-supervoisins.png?resize=191%2C202&#038;ssl=1" alt="" width="191" height="202" srcset="https://i1.wp.com/comitevas-y.org/wp-content/uploads/2025/01/logo-supervoisins.png?w=577&amp;ssl=1 577w, https://i1.wp.com/comitevas-y.org/wp-content/uploads/2025/01/logo-supervoisins.png?resize=283%2C300&amp;ssl=1 283w" sizes="(max-width: 191px) 100vw, 191px" data-recalc-dims="1" /></strong></h3>
<p><strong> </strong></p>
<h3><strong>LES SUPERVOISINS PRÉSENTENT</strong></h3>
<h3><strong>LA BD GAGNANTE</strong></h3>
<p><img loading="lazy" class="alignright size-full wp-image-1228" src="https://i0.wp.com/comitevas-y.org/wp-content/uploads/2025/03/BD_GAGNANTE.png?resize=750%2C575&#038;ssl=1" alt="" width="750" height="575" srcset="https://i0.wp.com/comitevas-y.org/wp-content/uploads/2025/03/BD_GAGNANTE.png?w=1016&amp;ssl=1 1016w, https://i0.wp.com/comitevas-y.org/wp-content/uploads/2025/03/BD_GAGNANTE.png?resize=300%2C230&amp;ssl=1 300w, https://i0.wp.com/comitevas-y.org/wp-content/uploads/2025/03/BD_GAGNANTE.png?resize=768%2C589&amp;ssl=1 768w" sizes="(max-width: 750px) 100vw, 750px" data-recalc-dims="1" /></p>
<h5></h5>
<p>&nbsp;</p>
<p>&nbsp;</p>
<p>&nbsp;</p>
<h3> Une bande dessinée réalisée par</h3>
<h2><strong>ELIO MARCAURELLE &amp; ÉLOÏSE DESCARREAUX</strong></h2>
<p>&nbsp;</p>
<h3>ÉCOLE SECONDAIRE DE DONNACONA</h3>
<p>&nbsp;</p>
<p>&nbsp;</p>
<p>&nbsp;</p>
<h2><strong>Visitez le site des SuperVoisins</strong></h2>
<p><img loading="lazy" class="alignnone size-medium wp-image-1262" src="https://i0.wp.com/comitevas-y.org/wp-content/uploads/2025/07/supervoisin_image_site.png?resize=300%2C251&#038;ssl=1" alt="" width="300" height="251" srcset="https://i0.wp.com/comitevas-y.org/wp-content/uploads/2025/07/supervoisin_image_site.png?resize=300%2C251&amp;ssl=1 300w, https://i0.wp.com/comitevas-y.org/wp-content/uploads/2025/07/supervoisin_image_site.png?resize=768%2C644&amp;ssl=1 768w, https://i0.wp.com/comitevas-y.org/wp-content/uploads/2025/07/supervoisin_image_site.png?w=940&amp;ssl=1 940w" sizes="(max-width: 300px) 100vw, 300px" data-recalc-dims="1" /></p>
<h3><a href="http://www.supervoisins.com">www.supervoisins.com</a></h3>
<p>&nbsp;</p>

<p>&nbsp; &nbsp;   LES SUPERVOISINS PRÉSENTENT LA BD GAGNANTE &nbsp; &nbsp; &nbsp;  Une bande dessinée réalisée par ELIO MARCAURELLE &amp; ÉLOÏSE DESCARREAUX &nbsp; ÉCOLE SECONDAIRE DE DONNACONA &nbsp; &nbsp; &nbsp; Visitez le site des SuperVoisins www.supervoisins.com &nbsp;</p>
