{"id":855,"date":"2023-01-30T23:15:32","date_gmt":"2023-01-30T22:15:32","guid":{"rendered":"https:\/\/comitevas-y.org\/?page_id=855"},"modified":"2025-02-18T22:58:41","modified_gmt":"2025-02-18T21:58:41","slug":"services-damitie","status":"publish","type":"page","link":"https:\/\/comitevas-y.org\/?page_id=855","title":{"rendered":"Services d&#8217;amiti\u00e9"},"content":{"rendered":"<h1 style=\"text-align: center;\"><strong>NOUVEAU SERVICE<\/strong><\/h1>\n<h3 style=\"text-align: center;\"><strong>\u00a0<\/strong>C\u2019est avec plaisir que le comit\u00e9 VAS-Y de Saint-Raymond annonce \u00e0 la population l\u2019implantation d\u2019un nouveau service\u00a0:<\/h3>\n<p>&nbsp;<\/p>\n<h2 style=\"text-align: center;\"><strong>\u00ab\u00a0LES APPELS D\u2019AMITI\u00c9\u00a0\u00bb<\/strong><\/h2>\n<p>&nbsp;<\/p>\n<h4 style=\"text-align: center;\">L\u2019objectif de ce programme est de briser l\u2019isolement social v\u00e9cu par des personnes \u00e2g\u00e9es seules ou en couple.<\/h4>\n<ul>\n<li style=\"text-align: center;\">\n<h4>Vous \u00eates une personne qui vit ou qui ressent de la solitude<\/h4>\n<\/li>\n<li style=\"text-align: center;\">\n<h4>Vous avez peu de contact avec l\u2019ext\u00e9rieur<\/h4>\n<\/li>\n<li>\n<h4 style=\"text-align: center;\">Vous n\u2019avez pas l\u2019occasion de socialis\u00e9<\/h4>\n<\/li>\n<\/ul>\n<p>&nbsp;<\/p>\n<h1 style=\"text-align: center;\">Ce nouveau service est l\u00e0 pour vous\u00a0!<\/h1>\n<p>&nbsp;<\/p>\n<h2 style=\"text-align: center;\"><strong><em>Contactez-nous au 418-337-4454 poste 223 pour de plus amples informations<\/em><\/strong>.<\/h2>\n<p style=\"text-align: center;\"><span style=\"color: #0000ff;\">\u00c0 la suite du d\u00e9part de la responsable des services d&#8217;amiti\u00e9, les appels seront retourn\u00e9s moins rapidement. Merci pour votre compr\u00e9hension.<\/span><\/p>\n<p style=\"text-align: center;\"><span style=\"color: #0000ff;\">En vigueur \u00e0 compter du 14 f\u00e9vrier 2025.<\/span><\/p>\n<p>&nbsp;<\/p>\n<p>Service offert aux r\u00e9sidents de\u00a0:\u00a0<strong>Saint-Raymond, Lac Sergent, Saint-L\u00e9onard-de-Portneuf,\u00a0<\/strong><\/p>\n<p><strong>Ste-Christine-d\u2019Auvergne, Rivi\u00e8re-\u00e0-Pierre ou Pont-Rouge<\/strong><\/p>\n","protected":false},"excerpt":{"rendered":"<p>NOUVEAU SERVICE \u00a0C\u2019est avec plaisir que le comit\u00e9 VAS-Y de Saint-Raymond annonce \u00e0 la population l\u2019implantation d\u2019un nouveau service\u00a0: &nbsp; \u00ab\u00a0LES APPELS D\u2019AMITI\u00c9\u00a0\u00bb &nbsp; L\u2019objectif de ce programme est de briser l\u2019isolement social v\u00e9cu par des personnes \u00e2g\u00e9es seules ou<\/p>\n","protected":false},"author":2,"featured_media":0,"parent":0,"menu_order":0,"comment_status":"closed","ping_status":"closed","template":"","meta":{"spay_email":""},"jetpack_sharing_enabled":true,"jetpack_shortlink":"https:\/\/wp.me\/P8etWi-dN","_links":{"self":[{"href":"https:\/\/comitevas-y.org\/index.php?rest_route=\/wp\/v2\/pages\/855"}],"collection":[{"href":"https:\/\/comitevas-y.org\/index.php?rest_route=\/wp\/v2\/pages"}],"about":[{"href":"https:\/\/comitevas-y.org\/index.php?rest_route=\/wp\/v2\/types\/page"}],"author":[{"embeddable":true,"href":"https:\/\/comitevas-y.org\/index.php?rest_route=\/wp\/v2\/users\/2"}],"replies":[{"embeddable":true,"href":"https:\/\/comitevas-y.org\/index.php?rest_route=%2Fwp%2Fv2%2Fcomments&post=855"}],"version-history":[{"count":8,"href":"https:\/\/comitevas-y.org\/index.php?rest_route=\/wp\/v2\/pages\/855\/revisions"}],"predecessor-version":[{"id":1190,"href":"https:\/\/comitevas-y.org\/index.php?rest_route=\/wp\/v2\/pages\/855\/revisions\/1190"}],"wp:attachment":[{"href":"https:\/\/comitevas-y.org\/index.php?rest_route=%2Fwp%2Fv2%2Fmedia&parent=855"}],"curies":[{"name":"wp","href":"https:\/\/api.w.org\/{rel}","templated":true}]}}

Services d&#8217;amitié

<h1 style="text-align: center;"><strong>NOUVEAU SERVICE</strong></h1>
<h3 style="text-align: center;"><strong> </strong>C’est avec plaisir que le comité VAS-Y de Saint-Raymond annonce à la population l’implantation d’un nouveau service :</h3>
<p>&nbsp;</p>
<h2 style="text-align: center;"><strong>« LES APPELS D’AMITIÉ »</strong></h2>
<p>&nbsp;</p>
<h4 style="text-align: center;">L’objectif de ce programme est de briser l’isolement social vécu par des personnes âgées seules ou en couple.</h4>
<ul>
<li style="text-align: center;">
<h4>Vous êtes une personne qui vit ou qui ressent de la solitude</h4>
</li>
<li style="text-align: center;">
<h4>Vous avez peu de contact avec l’extérieur</h4>
</li>
<li>
<h4 style="text-align: center;">Vous n’avez pas l’occasion de socialisé</h4>
</li>
</ul>
<p>&nbsp;</p>
<h1 style="text-align: center;">Ce nouveau service est là pour vous !</h1>
<p>&nbsp;</p>
<h2 style="text-align: center;"><strong><em>Contactez-nous au 418-337-4454 poste 223 pour de plus amples informations</em></strong>.</h2>
<p style="text-align: center;"><span style="color: #0000ff;">À la suite du départ de la responsable des services d&#8217;amitié, les appels seront retournés moins rapidement. Merci pour votre compréhension.</span></p>
<p style="text-align: center;"><span style="color: #0000ff;">En vigueur à compter du 14 février 2025.</span></p>
<p>&nbsp;</p>
<p>Service offert aux résidents de : <strong>Saint-Raymond, Lac Sergent, Saint-Léonard-de-Portneuf, </strong></p>
<p><strong>Ste-Christine-d’Auvergne, Rivière-à-Pierre ou Pont-Rouge</strong></p>

<p>NOUVEAU SERVICE  C’est avec plaisir que le comité VAS-Y de Saint-Raymond annonce à la population l’implantation d’un nouveau service : &nbsp; « LES APPELS D’AMITIÉ » &nbsp; L’objectif de ce programme est de briser l’isolement social vécu par des personnes âgées seules ou</p>
